ided by 64.
54
Let r = 1088 + -592. Suppose 110 = 6*f - r. What is the remainder when f is divided by 52?
49
Let a be -1 - (-5 + -3)/2. Let j(m) = m**2 - m - 2. Let n be j(-2). Let k = n - a. What is the remainder when 4 is divided by k?
0
Suppose 0*t + 3*t - 4*u = 143, -3*t + u = -155. Suppose i = -x - 8, 3*x + 1 = -8. Let d = i + 23. Calculate the remainder when t is divided by d.
17
Let j = -9 + 20. Let g = 122 - 72. Let y = -31 + g. Calculate the remainder when y is divided by j.
8
Suppose 66 = -2*b + 4*b. Suppose 3*l - 17 = -4*m, -2*l - 16 = -2*m - 6*l. Suppose 9*c = m*c + 126. Calculate the remainder when b is divided by c.
15
Let s be (1 + -2)*3 + (1 - -4). Suppose -s*t - 3*t + 175 = 0. Calculate the remainder when t is divided by 9.
8
Calculate the remainder when 721 is divided by 81 + -64 - -6*2.
25
Let r be (54 + (-1 - 0))*1. Let f = 19 + r. Let y = f - 37. What is the remainder when y is divided by 18?
17
Let o(m) = -82*m + 1. Let y be o(-2). Suppose -4*w - y = -5*q + w, 5*w = 0. Let k = 135 + -71. What is the remainder when k is divided by q?
31
Suppose 0*k - v + 47 = 3*k, 50 = 5*k - 4*v. What is the remainder when (-11925)/(-150)*(-6)/(-9) is divided by k?
11
Suppose 59*n = 31*n + 6412. Calculate the remainder when n is divided by 47.
41
Let s(k) = -k**2 - 5*k. Let r be s(-5). Suppose r*x = -2*x + 54. What is the remainder when x is divided by (-4)/(-6) - 80/(-6)?
13
Let c = 15 + 40. What is the remainder when c is divided by 29/(8/32 + (-9)/(-12))?
26
Suppose 3*r - 24 = -4*h + 1, -3*h + 3*r + 45 = 0. What is the remainder when 35 is divided by h?
5
Let h(c) be the third derivative of -c**5/60 + 7*c**4/12 - c**3 - 8*c**2. What is the remainder when ((-156)/(-9))/(2/6) is divided by h(12)?
16
Let q = 3 - -11. Suppose 5*l - m - 13 = 0, 5*m + 4 = q. Suppose 7*v = l*v + 56. Calculate the remainder when 26 is divided by v.
12
Let d = 18 + -11. Calculate the remainder when 103 is divided by d.
5
Suppose 258 = 7*w + 70 + 111. Let b(g) = 12*g**2 - 2*g - 1. Calculate the remainder when b(2) is divided by w.
10
Let w be 1 + 1 - (-8)/1. Let j be (6/8)/((-2)/(-16)). Suppose -4*s + j*s = w. Calculate the remainder when 13 is divided by s.
3
Let r be 4/(-4)*3 - (1 + -14). What is the remainder when 54 is divided by (-5)/5 + r + 1 + 1?
10
Let d = -735 - -761. What is the remainder when d is divided by (1 - (-22)/(-4))*-2?
8
Suppose 2*s + 4 = -3*c + c, 5*s = -3*c - 2. Suppose 5*x = -g + 56, 2*g - s*x = -4*x + 104. Calculate the remainder when g is divided by 165/6 - 1/2.
24
Let v = 46 - 33. Suppose -22*q - 7*q + 2233 = 0. What is the remainder when q is divided by v?
12
Suppose 0 = 5*c - z - 272, -4*c + 2*z + 112 = -2*c. Suppose 0 = -4*d + 100 - 16. What is the remainder when c is divided by d?
12
Let o(v) = v - 19. Let q be o(7). Let m = 1 - q. Calculate the remainder when m is divided by 4.
1
Suppose -4*z = -9*z - f + 140, -f = -3*z + 76. What is the remainder when 781 is divided by z?
25
Let n = 1731 + -1725. Suppose 2*r - 6 = 12. What is the remainder when r is divided by n?
3
Let y(t) = t**3 + 12*t**2 - 88*t - 22. What is the remainder when 78 is divided by y(-17)?
20
Suppose -8*d = -451 - 973. Calculate the remainder when d is divided by 40.
18
Suppose z + 1187 = 2*v, 0 = 3*v - 4*z + z - 1785. Calculate the remainder when v is divided by 11.
9
Let s = -11 + 26. Suppose -2 = -2*b, 5*o - 19*b - 135 = -24*b. Calculate the remainder when o is divided by s.
11
Let u be (-30)/2*(-7)/(63/6). What is the remainder when u/5*(38 + 0) is divided by 20?
16
Let w = -1072 - -1080. What is the remainder when 215 is divided by w?
7
Suppose -4*h + 401 + 315 = 0. Calculate the remainder when h is divided by 45.
44
Suppose 5*b + 0*b - 4*p - 271 = 0, b - 2*p - 53 = 0. Let d(f) = 10*f - 31. Calculate the remainder when b is divided by d(6).
26
Suppose 3*p + 9 = w, 5*w = w. Let n be (p + 9 - 4)*24. Suppose 4*s - n = -4*x, -3*s - 2*s - 3*x = -54. What is the remainder when 35 is divided by s?
8
Suppose 0 = r - 25 - 90. What is the remainder when 359 is divided by r?
14
Suppose 87*q - 86*q = 18. Suppose -1985 = -2*l + 5*w, -3*l + 741 + 2209 = -2*w. What is the remainder when 4/q + l/45 is divided by 12?
10
Suppose 9*f - 6*f + 93 = 3*j, -4*f = -j + 19. What is the remainder when 113 is divided by j?
8
Let p = 23 + -14. Let x be -3*(-6)/p + 3. Let t(f) = f**3 - 6*f**2 + 8*f - 12. Calculate the remainder when t(x) is divided by 1.
0
Suppose -5*g = -4*o + 301, 2*o - 37*g - 150 = -35*g. Suppose -w - 9 = -0*h - h, -4*h = -3*w - 38. Calculate the remainder when o is divided by h.
8
Let s(d) be the second derivative of -d**3/3 + 11*d**2/2 - 13*d. Calculate the remainder when 17 is divided by s(4).
2
Suppose -5*f = f - 24. Suppose 3*n - 49 = -f. Calculate the remainder when 37 is divided by n.
7
What is the remainder when (-1321)/(-7) - 34/(-119) is divided by 33?
24
Calculate the remainder when (-579693)/(-730) + 1/((-20)/2) is divided by 53.
52
Let r be (12/18)/(2/(-3)). Calculate the remainder when (-12 - 73)*4/(-10) is divided by 5 + (r + -3 - -4).
4
Let p(i) = i**3 - i - 1. Let g(x) = 3*x**3 + 7*x**2 + 3*x - 2. Let o(b) = -g(b) + 4*p(b). What is the remainder when (1 + 4)*(1 + 36/20) is divided by o(8)?
2
Suppose t - 5*i - 127 = 114, 3*i = 12. Let s(q) = -q**3 + 7*q**2 + 6*q + 2. Calculate the remainder when t is divided by s(7).
41
Let d = 164 - 71. Suppose 3*v = 6*v - d. What is the remainder when 58 is divided by v?
27
Let p = -165 - -168. What is the remainder when ((4 - 6) + 0)/((-6)/81) is divided by p?
0
Let g(b) = -b**3 + 3*b**2 - b + 4. Let r be g(5). Suppose 3 = -0*j + j. What is the remainder when (r/34)/((-1)/6) is divided by j?
0
Suppose 0 = -0*t + 8*t. Suppose 3*y = -4*j + j - 27, 3*j + y + 23 = t. Calculate the remainder when 19 is divided by (10/(-4))/(j/14).
4
Let t(r) = -r**2 + 12*r + 18. Let l(v) = -v**2 - 2*v + 5. Let h be l(-5). What is the remainder when (16/h)/((-1)/10) is divided by t(13)?
1
Suppose -5*s + 359 = -2*p, 5*p + 291 - 68 = 3*s. Calculate the remainder when s is divided by 38.
33
Let v = -14 + -78. Let o(n) = -53*n**2 - 3*n - 1. Let s be o(-1). Let k = s - v. Calculate the remainder when k is divided by 11.
8
Suppose -h - 6 = -0. Calculate the remainder when 3/h*(-192 + -2) is divided by 33.
31
Calculate the remainder when 137 is divided by 2/12 - 23/(-6).
1
Suppose -4*q = 11*q - 1350. Calculate the remainder when q is divided by 31.
28
Let d(f) = 3*f**2 - 20*f + 45. Calculate the remainder when d(9) is divided by 46.
16
Suppose j - 39 = -d - j, -j = 4*d - 163. Let p(r) = 4*r**3 + 2*r**2 + 2*r - 1. Calculate the remainder when d is divided by p(1).
6
Let b(v) = -v**3 - 11*v**2 - 38*v - 5. Calculate the remainder when 100 is divided by b(-6).
14
Suppose 326 = 3*a + 53. Suppose -6*i + 2*i + a = 5*l, 0 = -5*l - 25. Let n = -211 - -221. What is the remainder when i is divided by n?
9
Let h = 45 - 66. Let a(k) = -3*k - 38. Let d be a(-15). What is the remainder when (-43)/(-3) + d/h is divided by 5?
4
Let o(s) = -s**3 + 5*s**2 - 4*s - 9. Let r be o(6). Let t = r + 130. Calculate the remainder when t is divided by 16.
13
Suppose 0 = 7*u + 502 - 509. Let j(f) be the first derivative of f**4/2 + f**2/2 - f - 1. What is the remainder when 3 is divided by j(u)?
1
Suppose 0 = -6*a - 10*a + 448. What is the remainder when a is divided by 8?
4
What is the remainder when (-5 - -10) + 0 + (180 - 1) is divided by 47?
43
Suppose 3*g = -h + 71, -2*g + 4*h + 62 = h. Let l = -71 + 144. What is the remainder when l is divided by g?
23
Let c = 648 - 633. Calculate the remainder when 1317 is divided by c.
12
Let n(a) be the first derivative of -11*a - 5 - 1/3*a**3 + 9/2*a**2. What is the remainder when 26 is divided by n(5)?
8
Suppose -65*g - 30*g + 14060 = 0. What is the remainder when g is divided by 64?
20
Let n(h) = 7*h**3 + 2*h**2 - 2*h - 5. Calculate the remainder when n(2) is divided by 28.
27
Let u be ((-12)/10)/((-14)/175). Let h = u + -22. Let z = 16 + h. What is the remainder when 42 is divided by z?
6
Let p(o) = 28*o**2 + 3*o + 2. Suppose 7*v - 32 - 339 = 0. What is the remainder when p(3) is divided by v?
51
Let v(p) = 17*p + 32. Let m be v(5). Suppose 5*b - 323 = -5*a + m, 5*b - 5*a - 390 = 0. What is the remainder when b is divided by 1